{"id":25,"date":"2025-07-04T21:10:58","date_gmt":"2025-07-04T19:10:58","guid":{"rendered":"https:\/\/grandparquetendurance.com\/?page_id=25"},"modified":"2025-07-10T23:42:57","modified_gmt":"2025-07-10T21:42:57","slug":"endurance-equestre","status":"publish","type":"page","link":"https:\/\/grandparquetendurance.com\/index.php\/endurance-equestre\/","title":{"rendered":"Endurance &#8211; Pr\u00e9sentation"},"content":{"rendered":"\t\t<div data-elementor-type=\"wp-page\" data-elementor-id=\"25\" class=\"elementor elementor-25\">\n\t\t\t\t<div class=\"elementor-element elementor-element-5f2dafb e-con-full e-flex e-con e-parent\" data-id=\"5f2dafb\" data-element_type=\"container\">\n\t\t\t\t<div class=\"elementor-element elementor-element-a774837 elementor-widget__width-initial elementor-widget elementor-widget-maxmegamenu\" data-id=\"a774837\" data-element_type=\"widget\" data-widget_type=\"maxmegamenu.default\">\n\t\t\t\t<div class=\"elementor-widget-container\">\n\t\t\t\t\t<div id=\"mega-menu-wrap-max_mega_menu_4\" class=\"mega-menu-wrap\"><div class=\"mega-menu-toggle\"><div class=\"mega-toggle-blocks-left\"><\/div><div class=\"mega-toggle-blocks-center\"><\/div><div class=\"mega-toggle-blocks-right\"><div class='mega-toggle-block mega-menu-toggle-animated-block mega-toggle-block-0' id='mega-toggle-block-0'><button aria-label=\"Toggle Menu\" class=\"mega-toggle-animated mega-toggle-animated-slider\" type=\"button\" aria-expanded=\"false\">\n                  <span class=\"mega-toggle-animated-box\">\n                    <span class=\"mega-toggle-animated-inner\"><\/span>\n                  <\/span>\n                <\/button><\/div><\/div><\/div><ul id=\"mega-menu-max_mega_menu_4\" class=\"mega-menu max-mega-menu mega-menu-horizontal mega-no-js\" data-event=\"hover_intent\" data-effect=\"fade_up\" data-effect-speed=\"200\" data-effect-mobile=\"slide_right\" data-effect-speed-mobile=\"200\" data-mobile-force-width=\"false\" data-second-click=\"go\" data-document-click=\"collapse\" data-vertical-behaviour=\"standard\" data-breakpoint=\"768\" data-unbind=\"true\" data-mobile-state=\"collapse_all\" data-mobile-direction=\"vertical\" data-hover-intent-timeout=\"300\" data-hover-intent-interval=\"100\"><li class=\"mega-menu-item mega-menu-item-type-post_type mega-menu-item-object-page mega-align-bottom-left mega-menu-flyout mega-menu-item-505\" id=\"mega-menu-item-505\"><a class=\"mega-menu-link\" href=\"https:\/\/grandparquetendurance.com\/index.php\/endurance-equestre\/\" tabindex=\"0\">Endurance \u2013 Pr\u00e9sentation<\/a><\/li><li class=\"mega-menu-item mega-menu-item-type-post_type mega-menu-item-object-page mega-align-bottom-left mega-menu-flyout mega-menu-item-531\" id=\"mega-menu-item-531\"><a class=\"mega-menu-link\" href=\"https:\/\/grandparquetendurance.com\/index.php\/endurance-le-bureau-de-section\/\" tabindex=\"0\">Endurance \u2013 Le Bureau de Section<\/a><\/li><li class=\"mega-menu-item mega-menu-item-type-post_type mega-menu-item-object-page mega-align-bottom-left mega-menu-flyout mega-menu-item-504\" id=\"mega-menu-item-504\"><a class=\"mega-menu-link\" href=\"https:\/\/grandparquetendurance.com\/index.php\/adhesion-endurance\/\" tabindex=\"0\">Endurance - adh\u00e9sion<\/a><\/li><li class=\"mega-menu-item mega-menu-item-type-post_type mega-menu-item-object-page mega-align-bottom-left mega-menu-flyout mega-menu-item-532\" id=\"mega-menu-item-532\"><a class=\"mega-menu-link\" href=\"https:\/\/grandparquetendurance.com\/index.php\/endurance-les-assurances\/\" tabindex=\"0\">Endurance \u2013 Les assurances<\/a><\/li><li class=\"mega-menu-item mega-menu-item-type-post_type mega-menu-item-object-page mega-align-bottom-left mega-menu-flyout mega-menu-item-529\" id=\"mega-menu-item-529\"><a class=\"mega-menu-link\" href=\"https:\/\/grandparquetendurance.com\/index.php\/endurance-contacts\/\" tabindex=\"0\">Endurance \u2013 Contacts<\/a><\/li><\/ul><button class='mega-close' aria-label='Close'><\/button><\/div>\t\t\t\t<\/div>\n\t\t\t\t<\/div>\n\t\t\t\t<\/div>\n\t\t<div class=\"elementor-element elementor-element-ee602e2 e-flex e-con-boxed e-con e-parent\" data-id=\"ee602e2\" data-element_type=\"container\">\n\t\t\t\t\t<div class=\"e-con-inner\">\n\t\t\t\t<div class=\"elementor-element elementor-element-eaae67b elementor-widget elementor-widget-spacer\" data-id=\"eaae67b\" data-element_type=\"widget\" data-widget_type=\"spacer.default\">\n\t\t\t\t\t\t\t<div class=\"elementor-spacer\">\n\t\t\t<div class=\"elementor-spacer-inner\"><\/div>\n\t\t<\/div>\n\t\t\t\t\t\t<\/div>\n\t\t\t\t\t<\/div>\n\t\t\t\t<\/div>\n\t\t<div class=\"elementor-element elementor-element-e0f7010 e-flex e-con-boxed e-con e-parent\" data-id=\"e0f7010\" data-element_type=\"container\">\n\t\t\t\t\t<div class=\"e-con-inner\">\n\t\t\t\t<div class=\"elementor-element elementor-element-08364eb elementor-widget elementor-widget-heading\" data-id=\"08364eb\" data-element_type=\"widget\" data-widget_type=\"heading.default\">\n\t\t\t\t\t<h1 class=\"elementor-heading-title elementor-size-default\">\ud83d\udc0e Section Endurance Equestre - Grand Parquet Endurance<\/h1>\t\t\t\t<\/div>\n\t\t\t\t<div class=\"elementor-element elementor-element-f9e7780 elementor-widget elementor-widget-text-editor\" data-id=\"f9e7780\" data-element_type=\"widget\" data-widget_type=\"text-editor.default\">\n\t\t\t\t\t\t\t\t\t<p><strong>Notre ADN<\/strong><br \/>Depuis la cr\u00e9ation de l\u2019association, l\u2019endurance \u00e9questre est au c\u0153ur de notre projet sportif. Discipline historique de Grand Parquet Endurance, elle incarne l\u2019alliance entre performance, respect du cheval, et connexion \u00e0 la nature. Notre section s\u2019adresse aujourd\u2019hui \u00e0 tous les passionn\u00e9s : comp\u00e9titeurs, amateurs de randonn\u00e9es sportives, ou cavaliers en qu\u00eate d\u2019exp\u00e9riences partag\u00e9es.<br \/>Avec des ann\u00e9es d\u2019exp\u00e9rience dans l\u2019organisation d\u2019\u00e9preuves officielles et dans l\u2019animation de la vie associative, nous faisons de cette section un espace ouvert \u00e0 tous les niveaux, \u00e0 toutes les ambitions \u2014 et toujours dans un esprit de bienveillance, de respect animal et de plaisir du grand air.<\/p><p><strong>\ud83c\udfaf Nos Objectifs<\/strong><\/p><p>\u2022 \ud83d\udc34 Promouvoir l\u2019endurance \u00e9questre aupr\u00e8s du plus grand nombre, du loisir \u00e0 la comp\u00e9tition.<br \/>\u2022 \ud83e\udded Proposer des sorties conviviales pour d\u00e9couvrir ou red\u00e9couvrir la discipline sans pression.<br \/>\u2022 \ud83d\udcc8 Accompagner la progression des cavaliers et chevaux avec des entra\u00eenements adapt\u00e9s.<br \/>\u2022 \ud83c\udf3f Offrir un cadre de pratique responsable et respectueux du bien-\u00eatre \u00e9quin.<br \/>\u2022 \ud83d\udcc5 Organiser des \u00e9v\u00e9nements accessibles, formatifs et f\u00e9d\u00e9rateurs.<br \/>\u2022 \ud83c\udf31 Faire vivre une communaut\u00e9 engag\u00e9e, interg\u00e9n\u00e9rationnelle et respectueuse de l\u2019environnement.<br \/>\u2022 \ud83e\ude7a Sensibiliser au bien-\u00eatre \u00e9quin par des actions \u00e9ducatives, des ateliers et des \u00e9v\u00e9nements cibl\u00e9s.<br \/>\u2022 \ud83d\udc68\u200d\ud83d\udc69\u200d\ud83d\udc67\u200d\ud83d\udc66 Favoriser la mixit\u00e9 des pratiquants : cavaliers jeunes, amateurs, confirm\u00e9s.<\/p><p><strong>\ud83d\udee0\ufe0f Nos actions concr\u00e8tes<\/strong><\/p><p>\u2022 Sorties loisirs organis\u00e9es r\u00e9guli\u00e8rement, sur des trac\u00e9s vari\u00e9s.<br \/>\u2022 Sessions d&rsquo;entra\u00eenement partag\u00e9es (gestion de l&rsquo;effort, lecture de terrain, suivi cardio, etc.).<br \/>\u2022 Journ\u00e9es d\u2019initiation et de perfectionnement : pr\u00e9paration physique, soins du cheval, strat\u00e9gie de course.<br \/>\u2022 Participation \u00e0 des \u00e9preuves officielles locales et nationales, en groupe ou en accompagnement individuel.<br \/>\u2022 Accueil des jeunes cavaliers et des nouveaux pratiquants : s\u00e9ances p\u00e9dagogiques, parrainage associatif.<br \/>\u2022 Organisation annuelle de comp\u00e9titions officielles dans la r\u00e9gion.<\/p><p><span style=\"font-style: inherit; font-weight: inherit;\">\u00a0<\/span><span style=\"text-decoration: underline;\"><strong><span style=\"font-style: inherit;\">Rejoindre la section<\/span><\/strong><\/span><\/p><p>Adh\u00e9rer \u00e0 la section Endurance Equestre, c\u2019est rejoindre une communaut\u00e9 passionn\u00e9e et solidaire. Que vous soyez cavalier confirm\u00e9 ou curieux d\u2019explorer cette discipline, nous vous accueillons avec plaisir.<br \/>L\u2019adh\u00e9sion donne acc\u00e8s aux \u00e9v\u00e9nements de la section, \u00e0 un r\u00e9seau d\u2019\u00e9changes et \u00e0 des ressources utiles pour progresser dans la discipline.<\/p><p>\ud83d\udcf2 <strong>En pratique<\/strong><br \/>Une fois inscrit(e), vous acc\u00e9dez \u00e0 notre groupe WhatsApp priv\u00e9. C\u2019est notre camp de base virtuel pour :<\/p><ul><li>Planifier les entra\u00eenements collectifs<\/li><li>Partager le calendrier des comp\u00e9titions<\/li><li>Organiser les d\u00e9placements et \u00e9v\u00e9nements<\/li><li>\u00c9changer conseils, retours d\u2019exp\u00e9rience et bonne humeur !<\/li><\/ul>\t\t\t\t\t\t\t\t<\/div>\n\t\t\t\t\t<\/div>\n\t\t\t\t<\/div>\n\t\t\t\t<\/div>\n\t\t","protected":false},"excerpt":{"rendered":"<p>Endurance \u2013 Pr\u00e9sentation Endurance \u2013 Le Bureau de Section Endurance &#8211; adh\u00e9sion Endurance \u2013 Les assurances Endurance \u2013 Contacts \ud83d\udc0e [&hellip;]<\/p>\n","protected":false},"author":1,"featured_media":0,"parent":0,"menu_order":0,"comment_status":"closed","ping_status":"closed","template":"","meta":{"site-sidebar-layout":"default","site-content-layout":"","ast-site-content-layout":"default","site-content-style":"default","site-sidebar-style":"default","ast-global-header-display":"","ast-banner-title-visibility":"","ast-main-header-display":"","ast-hfb-above-header-display":"","ast-hfb-below-header-display":"","ast-hfb-mobile-header-display":"","site-post-title":"disabled","ast-breadcrumbs-content":"","ast-featured-img":"","footer-sml-layout":"","theme-transparent-header-meta":"","adv-header-id-meta":"","stick-header-meta":"","header-above-stick-meta":"","header-main-stick-meta":"","header-below-stick-meta":"","astra-migrate-meta-layouts":"default","ast-page-background-enabled":"default","ast-page-background-meta":{"desktop":{"background-color":"var(--ast-global-color-5)","background-image":"","background-repeat":"repeat","background-position":"center center","background-size":"auto","background-attachment":"scroll","background-type":"","background-media":"","overlay-type":"","overlay-color":"","overlay-opacity":"","overlay-gradient":""},"tablet":{"background-color":"","background-image":"","background-repeat":"repeat","background-position":"center center","background-size":"auto","background-attachment":"scroll","background-type":"","background-media":"","overlay-type":"","overlay-color":"","overlay-opacity":"","overlay-gradient":""},"mobile":{"background-color":"","background-image":"","background-repeat":"repeat","background-position":"center center","background-size":"auto","background-attachment":"scroll","background-type":"","background-media":"","overlay-type":"","overlay-color":"","overlay-opacity":"","overlay-gradient":""}},"ast-content-background-meta":{"desktop":{"background-color":"var(--ast-global-color-4)","background-image":"","background-repeat":"repeat","background-position":"center center","background-size":"auto","background-attachment":"scroll","background-type":"","background-media":"","overlay-type":"","overlay-color":"","overlay-opacity":"","overlay-gradient":""},"tablet":{"background-color":"var(--ast-global-color-4)","background-image":"","background-repeat":"repeat","background-position":"center center","background-size":"auto","background-attachment":"scroll","background-type":"","background-media":"","overlay-type":"","overlay-color":"","overlay-opacity":"","overlay-gradient":""},"mobile":{"background-color":"var(--ast-global-color-4)","background-image":"","background-repeat":"repeat","background-position":"center center","background-size":"auto","background-attachment":"scroll","background-type":"","background-media":"","overlay-type":"","overlay-color":"","overlay-opacity":"","overlay-gradient":""}},"footnotes":""},"class_list":["post-25","page","type-page","status-publish","hentry"],"yoast_head":"<!-- This site is optimized with the Yoast SEO plugin v26.6 - https:\/\/yoast.com\/wordpress\/plugins\/seo\/ -->\n<title>Endurance - Pr\u00e9sentation - Grand Parquet Endurance (GPE)<\/title>\n<meta name=\"robots\" content=\"index, follow, max-snippet:-1, max-image-preview:large, max-video-preview:-1\" \/>\n<link rel=\"canonical\" href=\"https:\/\/grandparquetendurance.com\/index.php\/endurance-equestre\/\" \/>\n<meta property=\"og:locale\" content=\"fr_FR\" \/>\n<meta property=\"og:type\" content=\"article\" \/>\n<meta property=\"og:title\" content=\"Endurance - Pr\u00e9sentation - Grand Parquet Endurance (GPE)\" \/>\n<meta property=\"og:description\" content=\"Endurance \u2013 Pr\u00e9sentation Endurance \u2013 Le Bureau de Section Endurance &#8211; adh\u00e9sion Endurance \u2013 Les assurances Endurance \u2013 Contacts \ud83d\udc0e [&hellip;]\" \/>\n<meta property=\"og:url\" content=\"https:\/\/grandparquetendurance.com\/index.php\/endurance-equestre\/\" \/>\n<meta property=\"og:site_name\" content=\"Grand Parquet Endurance (GPE)\" \/>\n<meta property=\"article:modified_time\" content=\"2025-07-10T21:42:57+00:00\" \/>\n<meta name=\"twitter:card\" content=\"summary_large_image\" \/>\n<meta name=\"twitter:label1\" content=\"Dur\u00e9e de lecture estim\u00e9e\" \/>\n\t<meta name=\"twitter:data1\" content=\"2 minutes\" \/>\n<script type=\"application\/ld+json\" class=\"yoast-schema-graph\">{\"@context\":\"https:\/\/schema.org\",\"@graph\":[{\"@type\":\"WebPage\",\"@id\":\"https:\/\/grandparquetendurance.com\/index.php\/endurance-equestre\/\",\"url\":\"https:\/\/grandparquetendurance.com\/index.php\/endurance-equestre\/\",\"name\":\"Endurance - Pr\u00e9sentation - Grand Parquet Endurance (GPE)\",\"isPartOf\":{\"@id\":\"https:\/\/grandparquetendurance.com\/#website\"},\"datePublished\":\"2025-07-04T19:10:58+00:00\",\"dateModified\":\"2025-07-10T21:42:57+00:00\",\"breadcrumb\":{\"@id\":\"https:\/\/grandparquetendurance.com\/index.php\/endurance-equestre\/#breadcrumb\"},\"inLanguage\":\"fr-FR\",\"potentialAction\":[{\"@type\":\"ReadAction\",\"target\":[\"https:\/\/grandparquetendurance.com\/index.php\/endurance-equestre\/\"]}]},{\"@type\":\"BreadcrumbList\",\"@id\":\"https:\/\/grandparquetendurance.com\/index.php\/endurance-equestre\/#breadcrumb\",\"itemListElement\":[{\"@type\":\"ListItem\",\"position\":1,\"name\":\"Accueil\",\"item\":\"https:\/\/grandparquetendurance.com\/\"},{\"@type\":\"ListItem\",\"position\":2,\"name\":\"Endurance &#8211; Pr\u00e9sentation\"}]},{\"@type\":\"WebSite\",\"@id\":\"https:\/\/grandparquetendurance.com\/#website\",\"url\":\"https:\/\/grandparquetendurance.com\/\",\"name\":\"Grand Parquet Endurance (GPE)\",\"description\":\"Au coeur du sport outdoor...\",\"potentialAction\":[{\"@type\":\"SearchAction\",\"target\":{\"@type\":\"EntryPoint\",\"urlTemplate\":\"https:\/\/grandparquetendurance.com\/?s={search_term_string}\"},\"query-input\":{\"@type\":\"PropertyValueSpecification\",\"valueRequired\":true,\"valueName\":\"search_term_string\"}}],\"inLanguage\":\"fr-FR\"}]}<\/script>\n<!-- \/ Yoast SEO plugin. -->","yoast_head_json":{"title":"Endurance - Pr\u00e9sentation - Grand Parquet Endurance (GPE)","robots":{"index":"index","follow":"follow","max-snippet":"max-snippet:-1","max-image-preview":"max-image-preview:large","max-video-preview":"max-video-preview:-1"},"canonical":"https:\/\/grandparquetendurance.com\/index.php\/endurance-equestre\/","og_locale":"fr_FR","og_type":"article","og_title":"Endurance - Pr\u00e9sentation - Grand Parquet Endurance (GPE)","og_description":"Endurance \u2013 Pr\u00e9sentation Endurance \u2013 Le Bureau de Section Endurance &#8211; adh\u00e9sion Endurance \u2013 Les assurances Endurance \u2013 Contacts \ud83d\udc0e [&hellip;]","og_url":"https:\/\/grandparquetendurance.com\/index.php\/endurance-equestre\/","og_site_name":"Grand Parquet Endurance (GPE)","article_modified_time":"2025-07-10T21:42:57+00:00","twitter_card":"summary_large_image","twitter_misc":{"Dur\u00e9e de lecture estim\u00e9e":"2 minutes"},"schema":{"@context":"https:\/\/schema.org","@graph":[{"@type":"WebPage","@id":"https:\/\/grandparquetendurance.com\/index.php\/endurance-equestre\/","url":"https:\/\/grandparquetendurance.com\/index.php\/endurance-equestre\/","name":"Endurance - Pr\u00e9sentation - Grand Parquet Endurance (GPE)","isPartOf":{"@id":"https:\/\/grandparquetendurance.com\/#website"},"datePublished":"2025-07-04T19:10:58+00:00","dateModified":"2025-07-10T21:42:57+00:00","breadcrumb":{"@id":"https:\/\/grandparquetendurance.com\/index.php\/endurance-equestre\/#breadcrumb"},"inLanguage":"fr-FR","potentialAction":[{"@type":"ReadAction","target":["https:\/\/grandparquetendurance.com\/index.php\/endurance-equestre\/"]}]},{"@type":"BreadcrumbList","@id":"https:\/\/grandparquetendurance.com\/index.php\/endurance-equestre\/#breadcrumb","itemListElement":[{"@type":"ListItem","position":1,"name":"Accueil","item":"https:\/\/grandparquetendurance.com\/"},{"@type":"ListItem","position":2,"name":"Endurance &#8211; Pr\u00e9sentation"}]},{"@type":"WebSite","@id":"https:\/\/grandparquetendurance.com\/#website","url":"https:\/\/grandparquetendurance.com\/","name":"Grand Parquet Endurance (GPE)","description":"Au coeur du sport outdoor...","potentialAction":[{"@type":"SearchAction","target":{"@type":"EntryPoint","urlTemplate":"https:\/\/grandparquetendurance.com\/?s={search_term_string}"},"query-input":{"@type":"PropertyValueSpecification","valueRequired":true,"valueName":"search_term_string"}}],"inLanguage":"fr-FR"}]}},"_links":{"self":[{"href":"https:\/\/grandparquetendurance.com\/index.php\/wp-json\/wp\/v2\/pages\/25","targetHints":{"allow":["GET"]}}],"collection":[{"href":"https:\/\/grandparquetendurance.com\/index.php\/wp-json\/wp\/v2\/pages"}],"about":[{"href":"https:\/\/grandparquetendurance.com\/index.php\/wp-json\/wp\/v2\/types\/page"}],"author":[{"embeddable":true,"href":"https:\/\/grandparquetendurance.com\/index.php\/wp-json\/wp\/v2\/users\/1"}],"replies":[{"embeddable":true,"href":"https:\/\/grandparquetendurance.com\/index.php\/wp-json\/wp\/v2\/comments?post=25"}],"version-history":[{"count":74,"href":"https:\/\/grandparquetendurance.com\/index.php\/wp-json\/wp\/v2\/pages\/25\/revisions"}],"predecessor-version":[{"id":1153,"href":"https:\/\/grandparquetendurance.com\/index.php\/wp-json\/wp\/v2\/pages\/25\/revisions\/1153"}],"wp:attachment":[{"href":"https:\/\/grandparquetendurance.com\/index.php\/wp-json\/wp\/v2\/media?parent=25"}],"curies":[{"name":"wp","href":"https:\/\/api.w.org\/{rel}","templated":true}]}}