{"id":1863,"date":"2025-10-22T11:56:28","date_gmt":"2025-10-22T09:56:28","guid":{"rendered":"https:\/\/grandparquetendurance.com\/?page_id=1863"},"modified":"2026-01-12T00:27:01","modified_gmt":"2026-01-11T23:27:01","slug":"fontainebleau-outdoor-festival-2026","status":"publish","type":"page","link":"https:\/\/grandparquetendurance.com\/index.php\/fontainebleau-outdoor-festival-2026\/","title":{"rendered":"Fontainebleau Outdoor Festival 2026"},"content":{"rendered":"\t\t<div data-elementor-type=\"wp-page\" data-elementor-id=\"1863\" class=\"elementor elementor-1863\">\n\t\t\t\t<div class=\"elementor-element elementor-element-7bb54bf e-flex e-con-boxed e-con e-parent\" data-id=\"7bb54bf\" data-element_type=\"container\">\n\t\t\t\t\t<div class=\"e-con-inner\">\n\t\t<div class=\"elementor-element elementor-element-1e35f35 e-con-full e-flex e-con e-child\" data-id=\"1e35f35\" data-element_type=\"container\">\n\t\t\t\t<div class=\"elementor-element elementor-element-5e2c1a9 elementor-widget__width-inherit elementor-widget elementor-widget-html\" data-id=\"5e2c1a9\" data-element_type=\"widget\" data-widget_type=\"html.default\">\n\t\t\t\t\t<!-- H\u00c9ROS -->\r\n<section class=\"gpe-hero event\">\r\n  <div class=\"gpe-hero-inner\">\r\n    <h1>Fontainebleau Outdoor Festival 2026<\/h1>\r\n    <p>Trail des Carriers & Cani Trophy Fontainebleau<\/p>\r\n   \r\n   <section class=\"gpe-hero-poster\">\r\n  <div class=\"gpe-poster-wrap\">\r\n    <img decoding=\"async\" src=\"https:\/\/grandparquetendurance.com\/wp-content\/uploads\/2026\/01\/Affiche-FOF-2026-V3.jpg\" alt=\"Affiche Fontainebleau Outdoor Festival 2026\">\r\n  <\/div>\r\n  <p class=\"gpe-poster-caption\">24 & 25 janvier 2026 \u2014 Grand Parquet, Fontainebleau. <\/p>\r\n \r\n<\/section>\r\n   \r\n    \r\n\r\n<!-- PR\u00c9SENTATION -->\r\n<section class=\"gpe-section\" id=\"presentation\">\r\n  <h2>Pr\u00e9sentation<\/h2>\r\n  <p>Le Fontainebleau Outdoor Festival r\u00e9unit traileurs, canisportifs et passionn\u00e9s de nature pour deux jours d\u2019\u00e9preuves et d\u2019animations au c\u0153ur du Grand Parquet. Ambiance conviviale, site prestigieux, parcours vari\u00e9s et village exposants.<\/p>\r\n\r\n  <!-- 2 cartes-CTA vers les pages d\u00e9taill\u00e9es -->\r\n  <div class=\"gpe-cta-grid\">\r\n    <article class=\"gpe-cta\">\r\n     <h3>Trail des Carriers 2026<\/h3>\r\n      <p>Parcours nature embl\u00e9matiques du massif bellifontain, sur la trace des Carriers.<br>Seconde \u00e9dition.<\/p>\r\n      <br>\r\n      <a class=\"gpe-btn\" href=\"https:\/\/grandparquetendurance.com\/index.php\/trail-des-carriers-2026\/\">D\u00e9couvrir le Trail<\/a>\r\n    <\/article>\r\n    <article class=\"gpe-cta\">\r\n     <h3>Cani Trophy Fontainebleau 2026<\/h3>\r\n      <p>Championnat r\u00e9gional FFSLC R\u00e9gion 1, s\u00e9lectif pour le Championnat de France 2026.\r\n      <br>\r\n      CaniCross, caniVTT, canip\u00e9dicycle, canimarche, canitrail.\r\n      <br>Challenges sur 2 jours<\/p>\r\n      <a class=\"gpe-btn\" href=\"https:\/\/grandparquetendurance.com\/index.php\/cani-trophy-fontainebleau\/\">D\u00e9couvrir le Cani Trophy<\/a>\r\n    <\/article>\r\n  <\/div>\r\n<\/section>\r\n\r\n\r\n\r\n\r\n\r\n<div class=\"gpe-photo\">\r\n  <img decoding=\"async\" src=\"https:\/\/grandparquetendurance.com\/wp-content\/uploads\/2025\/10\/Sarah-Boillet-Photographie-225-scaled.jpg\" alt=\"Cani-cross au Grand Parquet - Fontainebleau Outdoor Festival\">\r\n  <div class=\"gpe-caption\">Cr\u00e9dit photo&nbsp;: Sarah Boillet Photographie<\/div>\r\n<\/div>\r\n\r\n<!-- PROGRAMME -->\r\n<section class=\"gpe-section\" id=\"programme\">\r\n  <h2>Programme en bref<\/h2>\r\n  <ul class=\"gpe-list\">\r\n    <li><strong>Vendredi 23 janvier<\/strong> \u2014 Accueil, retrait dossards, reconnaissance parcours pour Cani Trophy.<\/li><li><strong>Samedi 24 janvier<\/strong> \u2014 Accueil, retrait dossards, briefings, premi\u00e8res \u00e9preuves Trail & Canisport, c\u00e9r\u00e9monies du jour.<\/li>\r\n    <li><strong>Dimanche 25 janvier<\/strong> \u2014 Accueil, retrait dossards, briefings, \u00e9preuves canisport comptant pour le Championnat R\u00e9gional et les challenges, c\u00e9r\u00e9monies du jour.<\/li>\r\n    <li>Village partenaires, buvette, animations grand public.<\/li>\r\n  <\/ul>\r\n  \r\n  <div class=\"gpe-actions\">\r\n   <a class=\"gpe-btn ghost\" href=\"https:\/\/grandparquetendurance.com\/wp-content\/uploads\/2025\/12\/Planning-janvier-2026_V2.pdf\"target=\"_blank\" rel=\"noopener\">Programme d\u00e9taill\u00e9 (PDF)<\/a>\r\n    <a class=\"gpe-btn ghost\" href=\"#infos\">Infos pratiques<\/a>\r\n  <\/div>\r\n   <\/section>\r\n\r\n<div class=\"gpe-photo\">\r\n  <img decoding=\"async\" src=\"https:\/\/grandparquetendurance.com\/wp-content\/uploads\/2025\/10\/535533444_122150359220616839_5855573435017089351_n.jpg\" alt=\"D\u00e9part du trail \u2013 Grand Parquet\">\r\n  <div class=\"gpe-caption\">D\u00e9part du trail \u2013 Grand Parquet<\/div>\r\n<\/div>\r\n\r\n\r\n<!-- INFOS PRATIQUES -->\r\n<section class=\"gpe-section\" id=\"infos\">\r\n  <h2>Infos pratiques<\/h2>\r\n  <div class=\"gpe-two-cols\">\r\n    <div>\r\n      <h3>Acc\u00e8s<\/h3>\r\n      <p>Le Grand Parquet \u2014 RN 152 Rte d'Orl\u00e9ans, 77300 Fontainebleau.<\/p>\r\n      <p><a class=\"gpe-btn\" href=\"https:\/\/maps.app.goo.gl\/aw4HSArvzSXVJghB8\">Ouvrir Google Maps<\/a><\/p>\r\n    <\/div>\r\n    <div>\r\n      <h3>Services sur place<\/h3>\r\n      <p>Grands parkings, sanitaires H\/F, douches. \r\n      <br>Buvette, restaurant couvert et chauff\u00e9.\r\n      <br>Tribunes pour les spectateurs, chiens tenus en laisse sur site.\r\n      <br>Village exposants<\/p>\r\n    <\/div>\r\n  <\/div>\r\n<\/section>\r\n\r\n<!-- PARTENAIRES -->\r\n<section class=\"gpe-section\" id=\"partenaires\">\r\n  <h2>Partenaires & soutiens<\/h2>\r\n  <div class=\"gpe-partners\">\r\n    <img decoding=\"async\" src=\"https:\/\/grandparquetendurance.com\/wp-content\/uploads\/2025\/10\/logo-FC.png\" alt=\"Logo partenaire 1\">\r\n    <img decoding=\"async\" src=\"https:\/\/grandparquetendurance.com\/wp-content\/uploads\/2025\/10\/GROUPE-BRAME-RVB-1-scaled.png\" alt=\"Logo partenaire 2\">\r\n    <img decoding=\"async\" src=\"https:\/\/grandparquetendurance.com\/wp-content\/uploads\/2025\/10\/Logo-vert-texte-blanc-lekeuss.png\" alt=\"Logo partenaire 3\">\r\n  <img decoding=\"async\" src=\"https:\/\/grandparquetendurance.com\/wp-content\/uploads\/2025\/10\/Logo-FFSLC-Ministere-Chiens-dOr.png\" alt=\"Logo partenaire 3\">\r\n  <img decoding=\"async\" src=\"https:\/\/grandparquetendurance.com\/wp-content\/uploads\/2025\/10\/ONF.jpg\" alt=\"Logo partenaire 3\">\r\n  <img decoding=\"async\" src=\"https:\/\/grandparquetendurance.com\/wp-content\/uploads\/2025\/10\/Grand-Parquet.jpg\" alt=\"Logo partenaire 3\">\r\n  <img decoding=\"async\" src=\"https:\/\/grandparquetendurance.com\/wp-content\/uploads\/2025\/10\/Pays-de-Fontainebleau.jpg\" alt=\"Logo partenaire 3\">\r\n  <img decoding=\"async\" src=\"https:\/\/grandparquetendurance.com\/wp-content\/uploads\/2025\/10\/logo-fontainebleau.png\">\r\n  <img decoding=\"async\" src=\"https:\/\/grandparquetendurance.com\/wp-content\/uploads\/2026\/01\/ERGYSPORT-Q-11x4cm-06-23_HD.png\">\r\n  <img decoding=\"async\" src=\"https:\/\/grandparquetendurance.com\/wp-content\/uploads\/2026\/01\/WhatsApp-Image-2026-01-02-at-11.41.25.jpeg\">\r\n  <img decoding=\"async\" src=\"https:\/\/grandparquetendurance.com\/wp-content\/uploads\/2026\/01\/Logo_Animalis.jpeg\"> <!-- ajoute d'autres logos si besoin -->\r\n  <\/div>\r\n<\/section>\r\n\r\n\r\n\r\n<!-- CONTACT -->\r\n<section id=\"contact\" class=\"gpe-section\">\r\n  <h2>Contact<\/h2>\r\n  <p>Organisation : Grand Parquet Endurance\r\n  <br>Section Trail WildRun GPE \/ Section Canisport Doggy on the Rocks<\/p>\r\n  <p>Email : <a href=\"mailto:bleau.outdoor.festival@gmail.com\">bleau.outdoor.festival@gmail.com<\/a><\/p>\r\n\r\n  <div class=\"gpe-actions\">\r\n    <a class=\"gpe-btn fb\" href=\"https:\/\/www.facebook.com\/Font.outdoor.Festival\" target=\"_blank\">\r\n      <svg xmlns=\"http:\/\/www.w3.org\/2000\/svg\" viewBox=\"0 0 320 512\" class=\"fb-icon\">\r\n        <path fill=\"currentColor\" d=\"M279.14 288l14.22-92.66h-88.91v-60.13c0-25.35 12.42-50.06 52.24-50.06H293V6.26S259.5 0 225.36 0C141.09 0 89.09 54.42 89.09 154.7v70.64H0v92.66h89.09V512h107.77V288z\"\/>\r\n      <\/svg>\r\n      Suivre l\u2019\u00e9v\u00e8nement sur Facebook\r\n    <\/a>\r\n  <\/div>\r\n<\/section>\t\t\t\t<\/div>\n\t\t\t\t<\/div>\n\t\t\t\t\t<\/div>\n\t\t\t\t<\/div>\n\t\t\t\t<\/div>\n\t\t","protected":false},"excerpt":{"rendered":"<p>Fontainebleau Outdoor Festival 2026 Trail des Carriers &#038; Cani Trophy Fontainebleau 24 &#038; 25 janvier 2026 \u2014 Grand Parquet, Fontainebleau. [&hellip;]<\/p>\n","protected":false},"author":1,"featured_media":0,"parent":0,"menu_order":0,"comment_status":"closed","ping_status":"closed","template":"","meta":{"site-sidebar-layout":"no-sidebar","site-content-layout":"","ast-site-content-layout":"full-width-container","site-content-style":"default","site-sidebar-style":"default","ast-global-header-display":"","ast-banner-title-visibility":"","ast-main-header-display":"","ast-hfb-above-header-display":"","ast-hfb-below-header-display":"","ast-hfb-mobile-header-display":"","site-post-title":"disabled","ast-breadcrumbs-content":"","ast-featured-img":"disabled","footer-sml-layout":"","theme-transparent-header-meta":"","adv-header-id-meta":"","stick-header-meta":"","header-above-stick-meta":"","header-main-stick-meta":"","header-below-stick-meta":"","astra-migrate-meta-layouts":"default","ast-page-background-enabled":"default","ast-page-background-meta":{"desktop":{"background-color":"var(--ast-global-color-5)","background-image":"","background-repeat":"repeat","background-position":"center center","background-size":"auto","background-attachment":"scroll","background-type":"","background-media":"","overlay-type":"","overlay-color":"","overlay-opacity":"","overlay-gradient":""},"tablet":{"background-color":"","background-image":"","background-repeat":"repeat","background-position":"center center","background-size":"auto","background-attachment":"scroll","background-type":"","background-media":"","overlay-type":"","overlay-color":"","overlay-opacity":"","overlay-gradient":""},"mobile":{"background-color":"","background-image":"","background-repeat":"repeat","background-position":"center center","background-size":"auto","background-attachment":"scroll","background-type":"","background-media":"","overlay-type":"","overlay-color":"","overlay-opacity":"","overlay-gradient":""}},"ast-content-background-meta":{"desktop":{"background-color":"var(--ast-global-color-4)","background-image":"","background-repeat":"repeat","background-position":"center center","background-size":"auto","background-attachment":"scroll","background-type":"","background-media":"","overlay-type":"","overlay-color":"","overlay-opacity":"","overlay-gradient":""},"tablet":{"background-color":"var(--ast-global-color-4)","background-image":"","background-repeat":"repeat","background-position":"center center","background-size":"auto","background-attachment":"scroll","background-type":"","background-media":"","overlay-type":"","overlay-color":"","overlay-opacity":"","overlay-gradient":""},"mobile":{"background-color":"var(--ast-global-color-4)","background-image":"","background-repeat":"repeat","background-position":"center center","background-size":"auto","background-attachment":"scroll","background-type":"","background-media":"","overlay-type":"","overlay-color":"","overlay-opacity":"","overlay-gradient":""}},"footnotes":""},"class_list":["post-1863","page","type-page","status-publish","hentry"],"yoast_head":"<!-- This site is optimized with the Yoast SEO plugin v26.6 - https:\/\/yoast.com\/wordpress\/plugins\/seo\/ -->\n<title>Fontainebleau Outdoor Festival 2026 - Grand Parquet Endurance (GPE)<\/title>\n<meta name=\"robots\" content=\"index, follow, max-snippet:-1, max-image-preview:large, max-video-preview:-1\" \/>\n<link rel=\"canonical\" href=\"https:\/\/grandparquetendurance.com\/index.php\/fontainebleau-outdoor-festival-2026\/\" \/>\n<meta property=\"og:locale\" content=\"fr_FR\" \/>\n<meta property=\"og:type\" content=\"article\" \/>\n<meta property=\"og:title\" content=\"Fontainebleau Outdoor Festival 2026 - Grand Parquet Endurance (GPE)\" \/>\n<meta property=\"og:description\" content=\"Fontainebleau Outdoor Festival 2026 Trail des Carriers &#038; Cani Trophy Fontainebleau 24 &#038; 25 janvier 2026 \u2014 Grand Parquet, Fontainebleau. [&hellip;]\" \/>\n<meta property=\"og:url\" content=\"https:\/\/grandparquetendurance.com\/index.php\/fontainebleau-outdoor-festival-2026\/\" \/>\n<meta property=\"og:site_name\" content=\"Grand Parquet Endurance (GPE)\" \/>\n<meta property=\"article:modified_time\" content=\"2026-01-11T23:27:01+00:00\" \/>\n<meta property=\"og:image\" content=\"https:\/\/grandparquetendurance.com\/wp-content\/uploads\/2026\/01\/Affiche-FOF-2026-V3.jpg\" \/>\n<meta name=\"twitter:card\" content=\"summary_large_image\" \/>\n<meta name=\"twitter:label1\" content=\"Dur\u00e9e de lecture estim\u00e9e\" \/>\n\t<meta name=\"twitter:data1\" content=\"4 minutes\" \/>\n<script type=\"application\/ld+json\" class=\"yoast-schema-graph\">{\"@context\":\"https:\/\/schema.org\",\"@graph\":[{\"@type\":\"WebPage\",\"@id\":\"https:\/\/grandparquetendurance.com\/index.php\/fontainebleau-outdoor-festival-2026\/\",\"url\":\"https:\/\/grandparquetendurance.com\/index.php\/fontainebleau-outdoor-festival-2026\/\",\"name\":\"Fontainebleau Outdoor Festival 2026 - Grand Parquet Endurance (GPE)\",\"isPartOf\":{\"@id\":\"https:\/\/grandparquetendurance.com\/#website\"},\"primaryImageOfPage\":{\"@id\":\"https:\/\/grandparquetendurance.com\/index.php\/fontainebleau-outdoor-festival-2026\/#primaryimage\"},\"image\":{\"@id\":\"https:\/\/grandparquetendurance.com\/index.php\/fontainebleau-outdoor-festival-2026\/#primaryimage\"},\"thumbnailUrl\":\"https:\/\/grandparquetendurance.com\/wp-content\/uploads\/2026\/01\/Affiche-FOF-2026-V3.jpg\",\"datePublished\":\"2025-10-22T09:56:28+00:00\",\"dateModified\":\"2026-01-11T23:27:01+00:00\",\"breadcrumb\":{\"@id\":\"https:\/\/grandparquetendurance.com\/index.php\/fontainebleau-outdoor-festival-2026\/#breadcrumb\"},\"inLanguage\":\"fr-FR\",\"potentialAction\":[{\"@type\":\"ReadAction\",\"target\":[\"https:\/\/grandparquetendurance.com\/index.php\/fontainebleau-outdoor-festival-2026\/\"]}]},{\"@type\":\"ImageObject\",\"inLanguage\":\"fr-FR\",\"@id\":\"https:\/\/grandparquetendurance.com\/index.php\/fontainebleau-outdoor-festival-2026\/#primaryimage\",\"url\":\"https:\/\/grandparquetendurance.com\/wp-content\/uploads\/2026\/01\/Affiche-FOF-2026-V3.jpg\",\"contentUrl\":\"https:\/\/grandparquetendurance.com\/wp-content\/uploads\/2026\/01\/Affiche-FOF-2026-V3.jpg\",\"width\":596,\"height\":843},{\"@type\":\"BreadcrumbList\",\"@id\":\"https:\/\/grandparquetendurance.com\/index.php\/fontainebleau-outdoor-festival-2026\/#breadcrumb\",\"itemListElement\":[{\"@type\":\"ListItem\",\"position\":1,\"name\":\"Accueil\",\"item\":\"https:\/\/grandparquetendurance.com\/\"},{\"@type\":\"ListItem\",\"position\":2,\"name\":\"Fontainebleau Outdoor Festival 2026\"}]},{\"@type\":\"WebSite\",\"@id\":\"https:\/\/grandparquetendurance.com\/#website\",\"url\":\"https:\/\/grandparquetendurance.com\/\",\"name\":\"Grand Parquet Endurance (GPE)\",\"description\":\"Au coeur du sport outdoor...\",\"potentialAction\":[{\"@type\":\"SearchAction\",\"target\":{\"@type\":\"EntryPoint\",\"urlTemplate\":\"https:\/\/grandparquetendurance.com\/?s={search_term_string}\"},\"query-input\":{\"@type\":\"PropertyValueSpecification\",\"valueRequired\":true,\"valueName\":\"search_term_string\"}}],\"inLanguage\":\"fr-FR\"}]}<\/script>\n<!-- \/ Yoast SEO plugin. -->","yoast_head_json":{"title":"Fontainebleau Outdoor Festival 2026 - Grand Parquet Endurance (GPE)","robots":{"index":"index","follow":"follow","max-snippet":"max-snippet:-1","max-image-preview":"max-image-preview:large","max-video-preview":"max-video-preview:-1"},"canonical":"https:\/\/grandparquetendurance.com\/index.php\/fontainebleau-outdoor-festival-2026\/","og_locale":"fr_FR","og_type":"article","og_title":"Fontainebleau Outdoor Festival 2026 - Grand Parquet Endurance (GPE)","og_description":"Fontainebleau Outdoor Festival 2026 Trail des Carriers &#038; Cani Trophy Fontainebleau 24 &#038; 25 janvier 2026 \u2014 Grand Parquet, Fontainebleau. [&hellip;]","og_url":"https:\/\/grandparquetendurance.com\/index.php\/fontainebleau-outdoor-festival-2026\/","og_site_name":"Grand Parquet Endurance (GPE)","article_modified_time":"2026-01-11T23:27:01+00:00","og_image":[{"url":"https:\/\/grandparquetendurance.com\/wp-content\/uploads\/2026\/01\/Affiche-FOF-2026-V3.jpg","type":"","width":"","height":""}],"twitter_card":"summary_large_image","twitter_misc":{"Dur\u00e9e de lecture estim\u00e9e":"4 minutes"},"schema":{"@context":"https:\/\/schema.org","@graph":[{"@type":"WebPage","@id":"https:\/\/grandparquetendurance.com\/index.php\/fontainebleau-outdoor-festival-2026\/","url":"https:\/\/grandparquetendurance.com\/index.php\/fontainebleau-outdoor-festival-2026\/","name":"Fontainebleau Outdoor Festival 2026 - Grand Parquet Endurance (GPE)","isPartOf":{"@id":"https:\/\/grandparquetendurance.com\/#website"},"primaryImageOfPage":{"@id":"https:\/\/grandparquetendurance.com\/index.php\/fontainebleau-outdoor-festival-2026\/#primaryimage"},"image":{"@id":"https:\/\/grandparquetendurance.com\/index.php\/fontainebleau-outdoor-festival-2026\/#primaryimage"},"thumbnailUrl":"https:\/\/grandparquetendurance.com\/wp-content\/uploads\/2026\/01\/Affiche-FOF-2026-V3.jpg","datePublished":"2025-10-22T09:56:28+00:00","dateModified":"2026-01-11T23:27:01+00:00","breadcrumb":{"@id":"https:\/\/grandparquetendurance.com\/index.php\/fontainebleau-outdoor-festival-2026\/#breadcrumb"},"inLanguage":"fr-FR","potentialAction":[{"@type":"ReadAction","target":["https:\/\/grandparquetendurance.com\/index.php\/fontainebleau-outdoor-festival-2026\/"]}]},{"@type":"ImageObject","inLanguage":"fr-FR","@id":"https:\/\/grandparquetendurance.com\/index.php\/fontainebleau-outdoor-festival-2026\/#primaryimage","url":"https:\/\/grandparquetendurance.com\/wp-content\/uploads\/2026\/01\/Affiche-FOF-2026-V3.jpg","contentUrl":"https:\/\/grandparquetendurance.com\/wp-content\/uploads\/2026\/01\/Affiche-FOF-2026-V3.jpg","width":596,"height":843},{"@type":"BreadcrumbList","@id":"https:\/\/grandparquetendurance.com\/index.php\/fontainebleau-outdoor-festival-2026\/#breadcrumb","itemListElement":[{"@type":"ListItem","position":1,"name":"Accueil","item":"https:\/\/grandparquetendurance.com\/"},{"@type":"ListItem","position":2,"name":"Fontainebleau Outdoor Festival 2026"}]},{"@type":"WebSite","@id":"https:\/\/grandparquetendurance.com\/#website","url":"https:\/\/grandparquetendurance.com\/","name":"Grand Parquet Endurance (GPE)","description":"Au coeur du sport outdoor...","potentialAction":[{"@type":"SearchAction","target":{"@type":"EntryPoint","urlTemplate":"https:\/\/grandparquetendurance.com\/?s={search_term_string}"},"query-input":{"@type":"PropertyValueSpecification","valueRequired":true,"valueName":"search_term_string"}}],"inLanguage":"fr-FR"}]}},"_links":{"self":[{"href":"https:\/\/grandparquetendurance.com\/index.php\/wp-json\/wp\/v2\/pages\/1863","targetHints":{"allow":["GET"]}}],"collection":[{"href":"https:\/\/grandparquetendurance.com\/index.php\/wp-json\/wp\/v2\/pages"}],"about":[{"href":"https:\/\/grandparquetendurance.com\/index.php\/wp-json\/wp\/v2\/types\/page"}],"author":[{"embeddable":true,"href":"https:\/\/grandparquetendurance.com\/index.php\/wp-json\/wp\/v2\/users\/1"}],"replies":[{"embeddable":true,"href":"https:\/\/grandparquetendurance.com\/index.php\/wp-json\/wp\/v2\/comments?post=1863"}],"version-history":[{"count":99,"href":"https:\/\/grandparquetendurance.com\/index.php\/wp-json\/wp\/v2\/pages\/1863\/revisions"}],"predecessor-version":[{"id":2413,"href":"https:\/\/grandparquetendurance.com\/index.php\/wp-json\/wp\/v2\/pages\/1863\/revisions\/2413"}],"wp:attachment":[{"href":"https:\/\/grandparquetendurance.com\/index.php\/wp-json\/wp\/v2\/media?parent=1863"}],"curies":[{"name":"wp","href":"https:\/\/api.w.org\/{rel}","templated":true}]}}